factor of 614 and 16584754?
614
Calculate the greatest common divisor of 95 and 660167.
1
What is the highest common divisor of 466697 and 942326?
2233
Calculate the greatest common factor of 10 and 92329310.
10
What is the greatest common factor of 847 and 42141?
11
Calculate the highest common divisor of 2020805504 and 2176.
2176
Calculate the highest common divisor of 2018967 and 11121.
1011
Calculate the greatest common factor of 32 and 11072624.
16
Calculate the greatest common factor of 3299428 and 605.
121
Calculate the greatest common factor of 1711 and 647348.
59
What is the greatest common divisor of 30 and 15105120?
30
What is the greatest common factor of 711 and 3947551?
79
Calculate the highest common divisor of 7629 and 1118708931.
7629
What is the greatest common factor of 21402 and 428314659?
3567
What is the greatest common divisor of 20237088 and 104?
8
What is the greatest common factor of 133 and 481081349?
133
What is the highest common factor of 11761 and 5839441?
19
What is the greatest common divisor of 932098 and 3174?
1058
Calculate the highest common factor of 72969303 and 230631.
3909
What is the highest common divisor of 4963580 and 480?
20
Calculate the highest common factor of 76941 and 1418553.
747
What is the highest common factor of 55627013 and 49930?
4993
What is the greatest common factor of 923481 and 20007?
1053
Calculate the highest common divisor of 195 and 63428417.
13
Calculate the greatest common factor of 11308173 and 3.
3
Calculate the highest common factor of 11710260 and 4.
4
Calculate the greatest common factor of 28 and 351932686.
14
Calculate the highest common factor of 260 and 3758014.
26
Calculate the greatest common factor of 480 and 1939512.
24
What is the greatest common factor of 2 and 1936426?
2
What is the highest common divisor of 88 and 235583788?
44
Calculate the highest common divisor of 520 and 45663240.
40
What is the highest common divisor of 14 and 40019878?
2
Calculate the highest common factor of 4158921 and 1521.
507
Calculate the highest common divisor of 15485 and 3155.
5
What is the highest common factor of 850969 and 1904?
119
What is the highest common factor of 60289491 and 2514?
1257
Calculate the greatest common factor of 17815 and 69580.
35
Calculate the greatest common divisor of 8591275 and 5390.
385
What is the highest common factor of 3304581 and 19425?
777
What is the highest common divisor of 2361717 and 567?
81
What is the greatest common divisor of 38500 and 1647240?
140
What is the greatest common factor of 58452855 and 16375?
655
What is the greatest common factor of 749312 and 2624?
64
What is the highest common divisor of 54568 and 193142?
718
Calculate the greatest common factor of 86727134 and 114.
38
Calculate the greatest common divisor of 14 and 55437802.
14
What is the highest common factor of 3142 and 158831242?
3142
What is the greatest common factor of 26049 and 34143?
57
Calculate the highest common factor of 3059608 and 874.
38
Calculate the highest common factor of 909 and 46864.
101
What is the highest common divisor of 942 and 393234603?
471
What is the highest common factor of 1821738 and 4922?
46
Calculate the greatest common divisor of 18592 and 704928.
224
Calculate the highest common factor of 246 and 62774034.
246
What is the highest common divisor of 3693350 and 1790?
10
Calculate the highest common divisor of 510 and 1467321.
51
Calculate the highest common divisor of 112245 and 6440725.
5345
Calculate the greatest common divisor of 11312 and 2247553.
707
Calculate the greatest common factor of 124654068 and 1631.
1631
What is the highest common divisor of 10 and 155407950?
10
Calculate the greatest common divisor of 36088 and 5500352.
104
Calculate the greatest common factor of 124541514 and 54.
18
What is the greatest common divisor of 44 and 271858246?
22
What is the greatest common divisor of 389187848 and 8?
8
Calculate the greatest common divisor of 7890 and 2503470.
30
What is the highest common factor of 60 and 294108?
12
Calculate the highest common factor of 9804 and 327411933.
2451
Calculate the greatest common factor of 104 and 25365106.
26
Calculate the greatest common factor of 116141572 and 478.
478
Calculate the highest common factor of 21419255 and 6032.
377
What is the greatest common factor of 185674713 and 105?
21
What is the greatest common divisor of 700 and 1400?
700
Calculate the highest common divisor of 4630 and 18722794.
926
What is the greatest common factor of 140 and 2686292?
28
What is the greatest common factor of 62531920 and 4620?
220
Calculate the highest common divisor of 8803509 and 21.
3
What is the greatest common factor of 294115707 and 1833?
141
Calculate the highest common divisor of 40920440 and 330.
110
What is the highest common divisor of 603196 and 4114?
22
Calculate the greatest common factor of 148824676 and 248.
124
What is the highest common factor of 147204 and 14015729?
1363
Calculate the greatest common divisor of 530614258 and 472.
118
Calculate the highest common factor of 44898 and 294.
42
What is the greatest common factor of 848287990 and 6380?
3190
Calculate the highest common divisor of 24661087 and 242.
11
Calculate the highest common factor of 30968 and 801850.
1106
What is the highest common factor of 468 and 7468608?
12
What is the highest common factor of 89370000 and 38727?
2979
What is the greatest common divisor of 1431 and 3787857?
1431
What is the highest common factor of 16629108 and 3444?
492
What is the greatest common factor of 872253 and 52224?
51
Calculate the greatest common divisor of 3799332 and 72297.
2493
Calculate the greatest common factor of 4874492 and 321.
107
What is the highest common factor of 23949520 and 280?
280
What is the highest common factor of 805 and 2595460?
35
What is the greatest common factor of 561 and 49110864?
33
What is the greatest common divisor of 6957040 and 4975?
995
Calculate the greatest common divisor of 7672 and 178472.
56
Calculate the greatest common factor of 193188527 and 833.
833
Calculate the highest common divisor of 700 and 569300.
100
What is the highest common divisor of 58 and 305979?
29
Calculate the highest common divisor of 176345 and 248560.
65
Calculate the greatest common divisor of 164 and 15047738.
82
What is the greatest common divisor of 24412 and 12408476?
1436
What is the greatest common divisor of 5 and 553112250?
5
Calculate the highest common factor of 1821221 and 2059.
71
What is the greatest common factor of 1250 and 4145680?
10
Calculate the greatest common divisor of 19881 and 45783.
9
What is the highest common divisor of 14245 and 50267756?
2849
What is the greatest common factor of 53638414 and 410?
82
Calculate the highest common factor of 2448 and 159304.
8
Calculate the highest common factor of 64 and 321991.
1
What is the highest common factor of 16170 and 836430?
1470
Calculate the highest common factor of 15930 and 839570.
590
Calculate the greatest common factor of 984 and 43390632.
24
What is the highest common divisor of 57 and 908280?
3
Calculate the highest common divisor of 209 and 1303511.
11
Calculate the highest common factor of 77038676 and 8.
4
What is the greatest common divisor of 179008 and 206978?
5594
What is the highest common factor of 4948827 and 1032?
129
What is the highest common divisor of 39664118 and 286?
26
Calculate the greatest common factor of 126 and 7708512.
42
What is the greatest common divisor of 9889 and 79019?
31
Calculate the highest common factor of 42803925 and 325.
25
Calculate the greatest common divisor of 3874 and 9696856.
26
Calculate the highest common divisor of 210 and 327649910.
70
Calculate the highest common factor of 78491832 and 3438.
1146
What is the greatest common divisor of 967 and 5319467?
967
Calculate the highest common factor of 125715 and 106641.
867
Calculate the highest common divisor of 164000 and 370640.
3280
Calculate the highest common divisor of 2 and 451058826.
2
Calculate the greatest common divisor of 598 and 426023.
13
What is the greatest common factor of 18008 and 285422298?
4502
What is the greatest common factor of 1952655 and 77211?
1119
Calculate the highest common divisor of 1634350 and 300.
50
C